{"id":313,"date":"2020-04-25T17:54:03","date_gmt":"2020-04-25T17:54:03","guid":{"rendered":"https:\/\/www.virgendelosremedios.net\/?page_id=313"},"modified":"2020-04-25T17:54:03","modified_gmt":"2020-04-25T17:54:03","slug":"enlaces-importantes","status":"publish","type":"page","link":"https:\/\/www.virgendelosremedios.net\/index.php\/enlaces-importantes\/","title":{"rendered":"ENLACES IMPORTANTES"},"content":{"rendered":"<ol>\n<li style=\"text-align: center;\"><strong><a href=\"http:\/\/www.villamayor.es\/villamayor\/villamayor.html\"><span style=\"color: #000080;\">AYUNTAMIENTO DE VILLAMAYOR<\/span><\/a><\/strong><\/li>\n<\/ol>\n<p><a href=\"http:\/\/www.villamayor.es\/villamayor\/villamayor.html\"><img fetchpriority=\"high\" decoding=\"async\" class=\"aligncenter wp-image-314\" src=\"https:\/\/www.virgendelosremedios.net\/wp-content\/uploads\/2020\/04\/web-aytovillamayor-copia-300x182.jpg\" alt=\"\" width=\"373\" height=\"226\" srcset=\"https:\/\/www.virgendelosremedios.net\/wp-content\/uploads\/2020\/04\/web-aytovillamayor-copia-300x182.jpg 300w, https:\/\/www.virgendelosremedios.net\/wp-content\/uploads\/2020\/04\/web-aytovillamayor-copia-1024x622.jpg 1024w, https:\/\/www.virgendelosremedios.net\/wp-content\/uploads\/2020\/04\/web-aytovillamayor-copia-768x467.jpg 768w, https:\/\/www.virgendelosremedios.net\/wp-content\/uploads\/2020\/04\/web-aytovillamayor-copia.jpg 1093w\" sizes=\"(max-width: 373px) 100vw, 373px\" \/><\/a><\/p>\n<p>&nbsp;<\/p>\n<p>La localidad\u00a0 de Villamayor Situada en el extremo meridional de la comarca de La Armu\u00f1a, a 4 km de la capital charra, nos encontramos con la localidad de Villamayor; conocida popularmente por ser la <strong>cantera de la piedra franca de Salamanca<\/strong>. Villamayor es actualmente el sexto municipio salmantino m\u00e1s poblado. La cercan\u00eda a la capital y las ventajas econ\u00f3micas a la hora de adquirir una vivienda fuera del n\u00facleo urbano han permitido a Villamayor ampliar su poblaci\u00f3n en los \u00faltimos a\u00f1os.\u00a0Seg\u00fan datos del Instituto Nacional de Estad\u00edstica, Villamayor mantiene una l\u00ednea creciente de poblaci\u00f3n desde 1976 teniendo en el a\u00f1o 2000 su mayor repunte demogr\u00e1fico. El a\u00f1o 2014, el municipio fij\u00f3 en casi 7.000 personas su poblaci\u00f3n, destacando considerablemente el grupo comprendido entre los 25 y los 55 a\u00f1os. Este dato coloca a Villamayor como uno de los <strong>municipios m\u00e1s j\u00f3venes de la provincia<\/strong>.<\/p>\n<p>&nbsp;<\/p>\n<p style=\"text-align: center;\"><a href=\"http:\/\/sepie.es\/\"><span style=\"color: #000080;\"><strong>2. SEPIE<\/strong><\/span><\/a><\/p>\n<p><a href=\"http:\/\/sepie.es\/\"><img decoding=\"async\" class=\"aligncenter wp-image-317\" src=\"https:\/\/www.virgendelosremedios.net\/wp-content\/uploads\/2020\/04\/sepie-copia-300x129.jpg\" alt=\"\" width=\"365\" height=\"157\" srcset=\"https:\/\/www.virgendelosremedios.net\/wp-content\/uploads\/2020\/04\/sepie-copia-300x129.jpg 300w, https:\/\/www.virgendelosremedios.net\/wp-content\/uploads\/2020\/04\/sepie-copia-1024x440.jpg 1024w, https:\/\/www.virgendelosremedios.net\/wp-content\/uploads\/2020\/04\/sepie-copia-768x330.jpg 768w, https:\/\/www.virgendelosremedios.net\/wp-content\/uploads\/2020\/04\/sepie-copia.jpg 1340w\" sizes=\"(max-width: 365px) 100vw, 365px\" \/><\/a><\/p>\n<p>El Servicio Espa\u00f1ol para la Internacionalizaci\u00f3n de la Educaci\u00f3n (<strong>SEPIE<\/strong>) es el Organismo Aut\u00f3nomo, dependiente del Ministerio de Universidades, cuya funci\u00f3n principal es la de actuar como Agencia Nacional Erasmus+ en Espa\u00f1a, encarg\u00e1ndose de toda la canalizaci\u00f3n y difusi\u00f3n, gesti\u00f3n de recursos como los presupuestos.<\/p>\n<p>&nbsp;<\/p>\n<p style=\"text-align: center;\"><a href=\"http:\/\/sepie.es\/educacion-adultos\/index.html\"><span style=\"color: #000080;\"><strong>3. ERASMUS+ EDUCACION DE PERSONAS ADULTAS.<\/strong><\/span><\/a><\/p>\n<p><a href=\"http:\/\/sepie.es\/educacion-adultos\/index.html\"><img decoding=\"async\" class=\"aligncenter wp-image-316\" src=\"https:\/\/www.virgendelosremedios.net\/wp-content\/uploads\/2020\/04\/sepie-adultos-copia-300x166.jpg\" alt=\"\" width=\"383\" height=\"212\" srcset=\"https:\/\/www.virgendelosremedios.net\/wp-content\/uploads\/2020\/04\/sepie-adultos-copia-300x166.jpg 300w, https:\/\/www.virgendelosremedios.net\/wp-content\/uploads\/2020\/04\/sepie-adultos-copia-1024x568.jpg 1024w, https:\/\/www.virgendelosremedios.net\/wp-content\/uploads\/2020\/04\/sepie-adultos-copia-768x426.jpg 768w, https:\/\/www.virgendelosremedios.net\/wp-content\/uploads\/2020\/04\/sepie-adultos-copia.jpg 1159w\" sizes=\"(max-width: 383px) 100vw, 383px\" \/><\/a><\/p>\n<p>Erasmus+ quiere mejorar la calidad y potenciar la <strong>Educaci\u00f3n de Personas Adultas<\/strong> en toda Europa. Ofrece al personal de Educaci\u00f3n de Personas Adultas oportunidades de <strong>Movilidad para el Aprendizaje<\/strong>, con el objetivo de ampliar y mejorar su desarrollo profesional, adem\u00e1s de posibilitar la colaboraci\u00f3n con sus hom\u00f3logos de otros pa\u00edses de Europa. Mediante las <strong>Asociaciones Estrat\u00e9gicas<\/strong> apoya el intercambio de buenas pr\u00e1cticas y criterios de innovaci\u00f3n para abordar retos comunes, tales como el reconocimiento de la formaci\u00f3n cursada fuera del sistema oficial, logrando que la educaci\u00f3n sea m\u00e1s accesible a los adultos y enriqueciendo la capacitaci\u00f3n de la ciudadan\u00eda europea.<\/p>\n<p>&nbsp;<\/p>\n<p style=\"text-align: center;\"><a href=\"https:\/\/epale.ec.europa.eu\/es\"><strong><span style=\"color: #000080;\">4. EPALE<\/span><\/strong><\/a><\/p>\n<p><a href=\"http:\/\/epale.ec.europa.eu\/es\"><img loading=\"lazy\" decoding=\"async\" class=\"aligncenter wp-image-315 size-medium\" src=\"https:\/\/www.virgendelosremedios.net\/wp-content\/uploads\/2020\/04\/EPALE-copia-300x162.jpg\" alt=\"\" width=\"300\" height=\"162\" srcset=\"https:\/\/www.virgendelosremedios.net\/wp-content\/uploads\/2020\/04\/EPALE-copia-300x162.jpg 300w, https:\/\/www.virgendelosremedios.net\/wp-content\/uploads\/2020\/04\/EPALE-copia-1024x553.jpg 1024w, https:\/\/www.virgendelosremedios.net\/wp-content\/uploads\/2020\/04\/EPALE-copia-768x415.jpg 768w, https:\/\/www.virgendelosremedios.net\/wp-content\/uploads\/2020\/04\/EPALE-copia.jpg 1202w\" sizes=\"(max-width: 300px) 100vw, 300px\" \/><\/a><\/p>\n<ul>\n<li>EPALE es una comunidad europea multiling\u00fce de libre acceso integrada por profesionales del aprendizaje de adultos, tales como educadores y formadores, orientadores y personal de apoyo, investigadores y miembros de instituciones acad\u00e9micas o responsables pol\u00edticos.<\/li>\n<\/ul>\n<p><!--more--><\/p>\n<ul>\n<li>Para ello, EPALE apoya y refuerza las distintas profesiones del sector del aprendizaje de adultos. Sus miembros pueden ponerse en contacto con compa\u00f1eros de profesi\u00f3n de toda Europa y aprender los unos de los otros, a trav\u00e9s de los blogs, los foros y la herramienta de b\u00fasqueda de socios, adem\u00e1s de acudir a reuniones f\u00edsicas.<\/li>\n<li>EPALE ofrece una ingente cantidad de informaci\u00f3n de gran calidad, precisa y \u00fatil para los profesionales del aprendizaje de adultos. Con el paso del tiempo, ser\u00e1n sus propios miembros los que aporten cada vez m\u00e1s contenidos. <a href=\"https:\/\/epale.ec.europa.eu\/es\/content\/contribuya\">Inf\u00f3rmese sobre c\u00f3mo participar en la comunidad de EPALE<\/a>.<\/li>\n<li>La gesti\u00f3n diaria de EPALE depende de un Equipo de Apoyo Central que cuenta con la ayuda de <a href=\"https:\/\/epale.ec.europa.eu\/es\/nss\">38 centros de apoyo nacionales en toda Europa<\/a>. Nos hemos propuesto implicarle en todo el proceso de desarrollo de EPALE a fin de que esta plataforma colme sus expectativas y ofrezca los servicios que usted precisa para mantenerse al d\u00eda de las novedades en el aprendizaje de adultos en Europa.<\/li>\n<li><a href=\"https:\/\/epale.ec.europa.eu\/es\/user\/register\">\u00danase hoy mismo<\/a> a la mayor comunidad de Europa dedicada al aprendizaje de adultos.<\/li>\n<li>EPALE est\u00e1 financiado con arreglo al <a href=\"https:\/\/ec.europa.eu\/programmes\/erasmus-plus\/node_es\">programa Erasmus+<\/a> a trav\u00e9s de la <a href=\"https:\/\/eacea.ec.europa.eu\/homepage_en\">Agencia Ejecutiva en el \u00c1mbito Educativo, Audiovisual y Cultural<\/a>. Puede ponerse en contacto con la Direcci\u00f3n General de Educaci\u00f3n, Juventud, Deporte y Cultura mediante el correo electr\u00f3nico <a href=\"mailto:eac-epale@ec.europa.eu\">eac-epale@ec.europa.eu (link sends e-mail)<\/a> o por correo tradicional:<\/li>\n<li>Comisi\u00f3n Europea<br \/>\n&#8211; Direcci\u00f3n General de Educaci\u00f3n y Cultura<br \/>\nUnidad B2 &#8211; Escuelas y educadores; pluriling\u00fcismo<br \/>\nJ-70, 04\/197<br \/>\nB-1049 Bruselas (B\u00e9lgica)<\/li>\n<\/ul>\n<p>&nbsp;<\/p>\n","protected":false},"excerpt":{"rendered":"<p>AYUNTAMIENTO DE VILLAMAYOR &nbsp; La localidad\u00a0 de Villamayor Situada en el extremo meridional de la comarca de La Armu\u00f1a, a 4 km de la capital charra, nos encontramos con la localidad de Villamayor; conocida popularmente por ser la cantera de la piedra franca de Salamanca. Villamayor es actualmente el sexto municipio salmantino m\u00e1s poblado. La cercan\u00eda a la capital y<\/p>\n","protected":false},"author":2,"featured_media":0,"parent":0,"menu_order":0,"comment_status":"closed","ping_status":"closed","template":"","meta":{"footnotes":""},"class_list":["post-313","page","type-page","status-publish","hentry"],"_links":{"self":[{"href":"https:\/\/www.virgendelosremedios.net\/index.php\/wp-json\/wp\/v2\/pages\/313","targetHints":{"allow":["GET"]}}],"collection":[{"href":"https:\/\/www.virgendelosremedios.net\/index.php\/wp-json\/wp\/v2\/pages"}],"about":[{"href":"https:\/\/www.virgendelosremedios.net\/index.php\/wp-json\/wp\/v2\/types\/page"}],"author":[{"embeddable":true,"href":"https:\/\/www.virgendelosremedios.net\/index.php\/wp-json\/wp\/v2\/users\/2"}],"replies":[{"embeddable":true,"href":"https:\/\/www.virgendelosremedios.net\/index.php\/wp-json\/wp\/v2\/comments?post=313"}],"version-history":[{"count":1,"href":"https:\/\/www.virgendelosremedios.net\/index.php\/wp-json\/wp\/v2\/pages\/313\/revisions"}],"predecessor-version":[{"id":319,"href":"https:\/\/www.virgendelosremedios.net\/index.php\/wp-json\/wp\/v2\/pages\/313\/revisions\/319"}],"wp:attachment":[{"href":"https:\/\/www.virgendelosremedios.net\/index.php\/wp-json\/wp\/v2\/media?parent=313"}],"curies":[{"name":"wp","href":"https:\/\/api.w.org\/{rel}","templated":true}]}}